 of 407115345?
True
Is 102 a factor of 51582420?
True
Does 42 divide 9861097?
False
Does 52 divide 17360044?
True
Is 1027065026 a multiple of 494?
True
Is 27873792 a multiple of 736?
True
Does 611 divide 600334673?
False
Does 75 divide 54620734?
False
Does 157 divide 207925216?
False
Is 685336496 a multiple of 16?
True
Does 32 divide 38236398?
False
Is 9 a factor of 1110928927?
False
Does 10 divide 2948506?
False
Does 1945 divide 355427355?
True
Is 264915375 a multiple of 111?
True
Is 6608 a factor of 2134555775?
False
Is 432328746 a multiple of 684?
False
Does 476 divide 7265445?
False
Is 52 a factor of 838768944?
True
Does 187 divide 31086662?
False
Does 367 divide 12131552?
True
Does 76 divide 67387908?
True
Is 30988599 a multiple of 93?
False
Is 266861800 a multiple of 1108?
True
Is 19 a factor of 1144724540?
True
Is 518 a factor of 474377264?
False
Is 10816006 a multiple of 14?
False
Is 400 a factor of 403510383?
False
Is 12366193 a multiple of 10?
False
Is 124766430 a multiple of 2490?
True
Does 357 divide 13749124?
False
Does 642 divide 17888709?
False
Does 749 divide 101244859?
False
Does 1150 divide 480802350?
True
Does 2220 divide 575411599?
False
Is 1516 a factor of 1678926036?
True
Is 1261954200 a multiple of 300?
True
Is 7419348 a multiple of 19?
True
Is 9540128 a multiple of 38?
True
Does 25 divide 10536375?
True
Does 1533 divide 564073988?
False
Is 31044637 a multiple of 13?
True
Is 2002061313 a multiple of 189?
True
Does 314 divide 11133812?
True
Does 123 divide 8707785?
True
Does 158 divide 589182?
True
Is 448 a factor of 2346581440?
True
Does 254 divide 420047313?
False
Does 10 divide 151325388?
False
Is 41825989 a multiple of 56?
False
Is 15557195 a multiple of 31?
True
Is 156 a factor of 1399505931?
False
Is 125535757 a multiple of 83?
True
Is 129758907 a multiple of 175?
False
Is 352 a factor of 393831328?
True
Does 31 divide 873921?
True
Is 5453 a factor of 115734472?
True
Is 302782369 a multiple of 18?
False
Is 145 a factor of 3164783?
False
Is 1364993280 a multiple of 35?
True
Is 10 a factor of 14164227?
False
Is 50 a factor of 35980200?
True
Does 139 divide 47784696?
False
Is 470 a factor of 14641309?
False
Is 9 a factor of 236289227?
False
Is 25056724 a multiple of 11?
True
Does 57 divide 34110909?
True
Does 19 divide 1952735586?
False
Is 68865727 a multiple of 87?
False
Does 11 divide 1577350796?
False
Does 24 divide 225020507?
False
Does 292 divide 371161492?
True
Is 705281866 a multiple of 6192?
False
Does 131 divide 12773464?
False
Does 235 divide 147096418?
False
Is 168642982 a multiple of 29?
False
Is 285 a factor of 3654555?
True
Is 2860258 a multiple of 84?
False
Is 26 a factor of 6415890?
True
Is 312 a factor of 116195879?
False
Is 966 a factor of 10129781?
False
Does 158 divide 274631492?
True
Does 721 divide 116953410?
True
Is 26 a factor of 44112495?
False
Does 43 divide 45788733?
False
Is 127737 a multiple of 747?
True
Does 10 divide 4033360?
True
Does 15 divide 146120084?
False
Is 3150085554 a multiple of 63?
True
Is 14 a factor of 3611342?
True
Is 72 a factor of 18856239?
False
Does 1308 divide 822465470?
False
Does 109 divide 727746953?
False
Is 11 a factor of 177111377?
False
Does 584 divide 2649608?
True
Does 68 divide 785081155?
False
Is 227 a factor of 4964036?
True
Is 612651469 a multiple of 5061?
False
Is 753858928 a multiple of 17?
False
Is 16 a factor of 568541691?
False
Is 17 a factor of 32896127?
False
Is 2065 a factor of 860130320?
True
Is 188 a factor of 321215860?
True
Is 6737134 a multiple of 771?
False
Is 576 a factor of 155001870?
False
Is 121667640 a multiple of 2924?
True
Does 487 divide 1085573161?
True
Does 15 divide 114276221?
False
Is 13522628 a multiple of 13?
False
Is 5229949326 a multiple of 13268?
False
Is 4936832 even?
True
Does 461 divide 118302281?
True
Does 95 divide 35236967?
False
Is 11331850 a multiple of 50?
True
Does 364 divide 922745460?
True
Does 11785 divide 2303590380?
True
Is 484 a factor of 34983520?
True
Is 826 a factor of 791052549?
False
Does 7 divide 138380591?
False
Does 66 divide 2094856?
False
Is 6263283 a multiple of 7?
False
Is 2837026172 a multiple of 8?
False
Is 531877576 a multiple of 4846?
True
Is 53 a factor of 7450793?
True
Does 28 divide 71731828?
True
Is 105713496 a multiple of 3606?
True
Does 2292 divide 740702152?
False
Is 15 a factor of 674344665?
True
Does 171 divide 1199611531?
False
Is 100 a factor of 9309102?
False
Does 154 divide 17288974?
False
Is 2289 a factor of 154111503?
True
Is 14 a factor of 20718264?
True
Is 14 a factor of 3211086900?
True
Does 3366 divide 1531126080?
True
Is 121546419 a multiple of 16?
False
Does 12 divide 21203880?
True
Is 226926884 a multiple of 3775?
False
Is 26 a factor of 3872954722?
True
Does 8097 divide 1264178910?
False
Is 207 a factor of 10895652?
True
Is 22403771 a multiple of 46?
False
Does 3408 divide 66864580?
False
Is 59 a factor of 117676018?
False
Does 800 divide 138625915?
False
Is 4 a factor of 11021792?
True
Does 16 divide 22426144?
True
Is 40738891 a multiple of 90?
False
Does 61 divide 62199954?
False
Does 655 divide 9333095?
True
Does 171 divide 12763122?
False
Is 16 a factor of 129512282?
False
Is 7 a factor of 159724397?
True
Is 7 a factor of 60654258?
True
Is 513 a factor of 421621875?
True
Is 539739955 a multiple of 16?
False
Is 56134998 a multiple of 9?
True
Is 53 a factor of 204903954?
False
Does 831 divide 805907124?
True
Does 22 divide 5902228?
False
Is 4864185 a multiple of 2367?
True
Does 711 divide 1669515500?
False
Is 282590340 a multiple of 6?
True
Is 10763925 a multiple of 21?
False
Is 215 a factor of 72272793?
False
Is 58 a factor of 23482592?
False
Is 74107863 a multiple of 61?
True
Is 328 a factor of 135346576?
True
Does 23 divide 108621180?
True
Is 180926935 a multiple of 35?
True
Is 14831406 a multiple of 6?
True
Is 6306 a factor of 2451085446?
True
Is 330583356 a multiple of 647?
True
Is 1188680165 a multiple of 9?
False
Is 4 a factor of 6675952?
True
Does 153 divide 2163235?
False
Does 1293 divide 74616052?
False
Is 54 a factor of 7827462?
True
Is 447485098 a multiple of 24?
False
Is 259 a factor of 1417766?
True
Is 27353211 a multiple of 211?
False
Is 249447830 a multiple of 317?
False
Is 2688432156 a multiple of 4188?
True
Is 14 a factor of 196803068?
True
Is 1705339666 a multiple of 264?
False
Is 124 a factor of 7617213?
False
Is 14565125 a multiple of 1086?
False
Does 23 divide 239089496?
False
Is 2113 a factor of 337807423?
True
Does 18 divide 367261542?
True
Is 40 a factor of 471148520?
True
Is 21599435 a multiple of 85?
True
Is 16 a factor of 66048992?
True
Is 5752 a factor of 57209392?
True
Is 38882824 a multiple of 16?
False
Is 24407949 a multiple of 227?
False
Is 46 a factor of 471892150?
True
Is 106 a factor of 704943460?
True
Is 804 a factor of 18125276?
False
Does 427 divide 535685825?
False
Does 239 divide 11970315?
True
Is 5211389 a multiple of 2?
False
Is 1514654563 a multiple of 15?
False
Does 14 divide 131808729?
False
Is 43750050 a multiple of 56?
False
Is 4219 a factor of 1893625194?
False
Does 26 divide 292142318?
True
Is 262709238 a multiple of 627?
True
Is 19497615 a multiple of 5?
True
Is 720288360 a multiple of 18?
True
Is 34672245 a multiple of 1805?
True
Is 124 a factor of 25843190?
False
Is 40907521 a multiple of 114?
False
Does 44 divide 377174850?
False
Is 20 a factor of 113483593?
False
Is 8 a factor of 43135368?
True
Is 46 a factor of 124231050?
True
Does 19 divide 2130133548?
True
Is 3099276089 a multiple of 716?
False
Is 187548906 a multiple of 344?
False
Is 7 a factor of 121903931?
False
Is 88991664 a multiple of 53?
True
Is 19954300 a multiple of 2084?
True
Is 10 a factor of 182972440?
True
Does 19 divide 17247193?
True
Is 729 a factor of 628434450?
True
Is 1117 a factor of 176197814?
True
Is 74 a factor of 330123505?
False
Is 22558284 a multiple of 28?
True
Does 185 divide 285425215?
True
Is 18 a factor of 32567463?
False
Does 981 divide 1145395900?
False
Is 4 a factor of 36851820?
True
Is 445240033 a multiple of 1881?
False
Is 2372039 a multiple of 39?
False
Does 3707 divide 67686113?
True
Is 9527230 a multiple of 73?
True
Is 167 a factor of 48038858?
False
Does 153 divide 262410008?
False
Does 13127 divide 3605396185?
True
Is 